{"id":2,"date":"2018-09-03T09:04:52","date_gmt":"2018-09-03T08:04:52","guid":{"rendered":"http:\/\/www.cineclubdubelvedere.fr\/?page_id=2"},"modified":"2023-03-03T12:02:10","modified_gmt":"2023-03-03T11:02:10","slug":"page-d-exemple","status":"publish","type":"page","link":"http:\/\/www.cineclubdubelvedere.fr\/?page_id=2","title":{"rendered":"Programme 2022-2023"},"content":{"rendered":"\n<figure class=\"wp-block-table alignfull is-style-regular has-extra-small-font-size\"><table><thead><tr><th class=\"has-text-align-center\" data-align=\"center\"><strong>Date<\/strong><\/th><th>Film<\/th><th>R\u00e9alisateur<\/th><th>Pr\u00e9sentation<\/th><th>Accueil &#8211; R\u00e9gie<\/th><\/tr><\/thead><tbody><tr><td class=\"has-text-align-center\" data-align=\"center\">Mardi 4 octobre<\/td><td><a href=\"http:\/\/www.cineclubdubelvedere.fr\/?p=2283\" data-type=\"post\" data-id=\"2283\">L&rsquo;affaire Cic\u00e9ron<\/a><\/td><td> Joseph L. Mankiewicz<\/td><td>Claude Franza<\/td><td><\/td><\/tr><tr><td class=\"has-text-align-center\" data-align=\"center\">Mardi 18 octobre<\/td><td><a href=\"http:\/\/www.cineclubdubelvedere.fr\/?p=2286\" data-type=\"post\" data-id=\"2286\">Le portrait de la jeune fille en feu<\/a><\/td><td>C\u00e9line Sciamma<\/td><td>Genevi\u00e8ve Troyes<\/td><td><\/td><\/tr><tr><td class=\"has-text-align-center\" data-align=\"center\">Mardi 15 novembre<\/td><td><a href=\"http:\/\/www.cineclubdubelvedere.fr\/?p=2289\" data-type=\"post\" data-id=\"2289\">La chasse<\/a><\/td><td>Thomas Vintenberg<\/td><td>Cathy Perdriau<\/td><td><\/td><\/tr><tr><td class=\"has-text-align-center\" data-align=\"center\">Mardi 6 D\u00e9cembre<\/td><td><a href=\"http:\/\/www.cineclubdubelvedere.fr\/?p=2291\" data-type=\"post\" data-id=\"2291\">Ninotchka<\/a><\/td><td>Ernst Lubitsh<\/td><td>Olivier Allain<\/td><td><\/td><\/tr><tr><td class=\"has-text-align-center\" data-align=\"center\">Mardi 10 Janvier<\/td><td><a href=\"http:\/\/www.cineclubdubelvedere.fr\/?p=2293\" data-type=\"post\" data-id=\"2293\">Cet obscur objet du d\u00e9sir<\/a> (annul\u00e9 pour cause de chauffage d\u00e9faillant)<\/td><td>Luis Bunuel<\/td><td>Evelyne Pereira<\/td><td><\/td><\/tr><tr><td class=\"has-text-align-center\" data-align=\"center\">Mardi 31 Janvier&nbsp;<\/td><td><a href=\"http:\/\/www.cineclubdubelvedere.fr\/?p=2295\" data-type=\"post\" data-id=\"2295\">Un long dimanche de fian\u00e7ailles<\/a><\/td><td>Jean-Pierre Jeunet<\/td><td>Alice Letoublon<\/td><td><\/td><\/tr><tr><td class=\"has-text-align-center\" data-align=\"center\">Mardi 28 F\u00e9vrier<\/td><td><a href=\"http:\/\/www.cineclubdubelvedere.fr\/?p=2297\" data-type=\"post\" data-id=\"2297\">El Reino&nbsp;<\/a><\/td><td>Rodrigo Sorogoyen<\/td><td>Genevi\u00e8ve Troyes<\/td><td><\/td><\/tr><tr><td class=\"has-text-align-center\" data-align=\"center\">Mardi 21 Mars&nbsp;<\/td><td><a href=\"http:\/\/www.cineclubdubelvedere.fr\/?p=2299\" data-type=\"post\" data-id=\"2299\">Gilda<\/a><\/td><td>King Vidor<\/td><td>T\u00e9my Labin<\/td><td><\/td><\/tr><tr><td class=\"has-text-align-center\" data-align=\"center\">Mardi 4 Avril<\/td><td><a href=\"http:\/\/www.cineclubdubelvedere.fr\/?p=2301\" data-type=\"post\" data-id=\"2301\">Les amours d&rsquo;une blonde<\/a><\/td><td>Milos Forman<\/td><td>Jo\u00eblle Deluze<\/td><td><\/td><\/tr><tr><td class=\"has-text-align-center\" data-align=\"center\">Mardi 2 Mai&nbsp;<\/td><td><a href=\"http:\/\/www.cineclubdubelvedere.fr\/?p=2293\" data-type=\"post\" data-id=\"2293\">Cet obscur objet du d\u00e9sir<\/a> (remplace <a href=\"http:\/\/www.cineclubdubelvedere.fr\/?p=2303\" data-type=\"post\" data-id=\"2303\">La Sapienza<\/a>\u00a0)<\/td><td>Luis Bunuel<\/td><td>Evelyne Pereira<\/td><td><\/td><\/tr><tr><td class=\"has-text-align-center\" data-align=\"center\">Mardi 23 Mai<\/td><td><a href=\"http:\/\/www.cineclubdubelvedere.fr\/?p=2306\" data-type=\"post\" data-id=\"2306\">Fric-frac<\/a><\/td><td>Maurice Lehmann<\/td><td>Monique Amblard<\/td><td><\/td><\/tr><\/tbody><\/table><\/figure>\n\n\n\n<p><\/p>\n","protected":false},"excerpt":{"rendered":"<p>Date Film R\u00e9alisateur Pr\u00e9sentation Accueil &#8211; R\u00e9gie Mardi 4 octobre L&rsquo;affaire Cic\u00e9ron Joseph L. Mankiewicz Claude Franza Mardi 18 octobre Le portrait de la jeune fille en feu C\u00e9line Sciamma Genevi\u00e8ve Troyes Mardi 15 novembre La chasse Thomas Vintenberg Cathy Perdriau Mardi 6 D\u00e9cembre Ninotchka Ernst Lubitsh Olivier Allain Mardi 10 Janvier Cet obscur objet <a class=\"more-link\" href=\"http:\/\/www.cineclubdubelvedere.fr\/?page_id=2\">Lire plus &#8230;<\/a><\/p>\n","protected":false},"author":1,"featured_media":0,"parent":0,"menu_order":0,"comment_status":"open","ping_status":"open","template":"","meta":{"footnotes":""},"class_list":["post-2","page","type-page","status-publish","hentry"],"_links":{"self":[{"href":"http:\/\/www.cineclubdubelvedere.fr\/index.php?rest_route=\/wp\/v2\/pages\/2","targetHints":{"allow":["GET"]}}],"collection":[{"href":"http:\/\/www.cineclubdubelvedere.fr\/index.php?rest_route=\/wp\/v2\/pages"}],"about":[{"href":"http:\/\/www.cineclubdubelvedere.fr\/index.php?rest_route=\/wp\/v2\/types\/page"}],"author":[{"embeddable":true,"href":"http:\/\/www.cineclubdubelvedere.fr\/index.php?rest_route=\/wp\/v2\/users\/1"}],"replies":[{"embeddable":true,"href":"http:\/\/www.cineclubdubelvedere.fr\/index.php?rest_route=%2Fwp%2Fv2%2Fcomments&post=2"}],"version-history":[{"count":230,"href":"http:\/\/www.cineclubdubelvedere.fr\/index.php?rest_route=\/wp\/v2\/pages\/2\/revisions"}],"predecessor-version":[{"id":2444,"href":"http:\/\/www.cineclubdubelvedere.fr\/index.php?rest_route=\/wp\/v2\/pages\/2\/revisions\/2444"}],"wp:attachment":[{"href":"http:\/\/www.cineclubdubelvedere.fr\/index.php?rest_route=%2Fwp%2Fv2%2Fmedia&parent=2"}],"curies":[{"name":"wp","href":"https:\/\/api.w.org\/{rel}","templated":true}]}}